{"id":66,"date":"2024-07-31T15:32:41","date_gmt":"2024-07-31T13:32:41","guid":{"rendered":"https:\/\/etanchexpert.com\/?page_id=66"},"modified":"2024-09-20T15:43:36","modified_gmt":"2024-09-20T13:43:36","slug":"couverture","status":"publish","type":"page","link":"https:\/\/etanchexpert.com\/index.php\/couverture\/","title":{"rendered":"Couverture"},"content":{"rendered":"\n<div class=\"wp-block-group alignfull has-base-2-background-color has-background has-global-padding is-layout-constrained wp-container-core-group-is-layout-669513ed wp-block-group-is-layout-constrained\" style=\"margin-top:0;margin-bottom:0;padding-top:var(--wp--preset--spacing--50);padding-right:var(--wp--preset--spacing--50);padding-bottom:var(--wp--preset--spacing--50);padding-left:var(--wp--preset--spacing--50)\">\n<div class=\"wp-block-group is-vertical is-content-justification-center is-layout-flex wp-container-core-group-is-layout-52b864f0 wp-block-group-is-layout-flex\">\n<h2 class=\"wp-block-heading has-text-align-center is-style-default\">Les diff\u00e9rents types de toiture<\/h2>\n\n\n\n<div style=\"height:0px\" aria-hidden=\"true\" class=\"wp-block-spacer wp-container-content-4f2ccadb\"><\/div>\n<\/div>\n\n\n\n<hr class=\"wp-block-separator has-alpha-channel-opacity\"\/>\n\n\n\n<div style=\"margin-top:0;margin-bottom:0;height:var(--wp--preset--spacing--40)\" aria-hidden=\"true\" class=\"wp-block-spacer\"><\/div>\n\n\n\n<div class=\"wp-block-columns alignwide is-layout-flex wp-container-core-columns-is-layout-d0bbbce0 wp-block-columns-is-layout-flex\">\n<div class=\"wp-block-column is-layout-flow wp-container-core-column-is-layout-e3d1c41b wp-block-column-is-layout-flow\">\n<h2 class=\"wp-block-heading has-text-align-left is-style-default has-body-font-family has-medium-font-size\" style=\"font-style:normal;font-weight:600\"><strong>Le zinc<\/strong><\/h2>\n\n\n\n<p class=\"has-text-align-left\">Le zinc est r\u00e9put\u00e9 pour sa durabilit\u00e9 exceptionnelle et sa r\u00e9sistance aux intemp\u00e9ries. Ce type de toiture peut durer jusqu&rsquo;\u00e0 50 ans ou plus avec un entretien appropri\u00e9, ce qui en fait un investissement \u00e0 long terme. Le zinc est naturellement r\u00e9sistant \u00e0 la corrosion, aux UV et aux variations de temp\u00e9rature, assurant une protection fiable contre les \u00e9l\u00e9ments ext\u00e9rieurs. Il offre une esth\u00e9tique moderne et \u00e9l\u00e9gante, avec une palette de couleurs vari\u00e9es qui s&rsquo;int\u00e8gre bien \u00e0 diff\u00e9rents styles architecturaux. Compar\u00e9 \u00e0 d&rsquo;autres mat\u00e9riaux, le zinc est relativement l\u00e9ger, ce qui facilite son installation et peut r\u00e9duire les co\u00fbts de structure.<\/p>\n<\/div>\n\n\n\n<div class=\"wp-block-column is-layout-flow wp-container-core-column-is-layout-e3d1c41b wp-block-column-is-layout-flow\">\n<h3 class=\"wp-block-heading has-text-align-left is-style-default has-body-font-family has-medium-font-size\" style=\"font-style:normal;font-weight:600\">L&rsquo;ardoise naturelle ou b\u00e9ton<\/h3>\n\n\n\n<p class=\"has-text-align-left\">L&rsquo;ardoise est appr\u00e9ci\u00e9e pour son caract\u00e8re naturel et sa durabilit\u00e9. Elle est connue pour sa r\u00e9sistance aux intemp\u00e9ries, sa durabilit\u00e9 \u00e0 long terme et sa capacit\u00e9 \u00e0 maintenir son int\u00e9grit\u00e9 structurelle pendant des d\u00e9cennies. L&rsquo;ardoise offre une beaut\u00e9 intemporelle et un attrait esth\u00e9tique qui ajoute de la valeur \u00e0 votre maison. En raison de sa robustesse, l&rsquo;ardoise n\u00e9cessite peu d&rsquo;entretien au fil des ans, ce qui peut r\u00e9duire les co\u00fbts \u00e0 long terme. <\/p>\n\n\n\n<p class=\"has-text-align-left\"><\/p>\n<\/div>\n\n\n\n<div class=\"wp-block-column is-layout-flow wp-container-core-column-is-layout-e3d1c41b wp-block-column-is-layout-flow\">\n<h3 class=\"wp-block-heading has-text-align-left is-style-default has-body-font-family has-medium-font-size\" style=\"font-style:normal;font-weight:600\">La tuile<\/h3>\n\n\n\n<p class=\"has-text-align-left\">Les tuiles sont populaires pour leur diversit\u00e9 esth\u00e9tique et leur performance. Disponibles dans une vari\u00e9t\u00e9 de styles, de couleurs et de formes qui peuvent \u00eatre adapt\u00e9s \u00e0 l&rsquo;architecture locale et \u00e0 vos pr\u00e9f\u00e9rences personnelles. Bien entretenues, elles peuvent durer entre 50 et 100 ans, ce qui en fait un choix durable.<br>Les tuiles en terre cuite ou en b\u00e9ton sont r\u00e9sistantes au feu, \u00e0 la pourriture et \u00e0 la plupart des conditions climatiques extr\u00eames.<br>Elles sont souvent fabriqu\u00e9es \u00e0 partir de mat\u00e9riaux naturels comme l&rsquo;argile ou le b\u00e9ton, ce qui en fait un choix respectueux de l&rsquo;environnement.<\/p>\n\n\n\n<p class=\"has-text-align-left\"><\/p>\n<\/div>\n<\/div>\n\n\n\n<div style=\"height:var(--wp--preset--spacing--20)\" aria-hidden=\"true\" class=\"wp-block-spacer\"><\/div>\n<\/div>\n\n\n\n<p><\/p>\n","protected":false},"excerpt":{"rendered":"<p>Les diff\u00e9rents types de toiture Le zinc Le zinc est r\u00e9put\u00e9 pour sa durabilit\u00e9 exceptionnelle et sa r\u00e9sistance aux intemp\u00e9ries. Ce type de toiture peut durer jusqu&rsquo;\u00e0 50 ans ou plus avec un entretien appropri\u00e9, ce qui en fait un investissement \u00e0 long terme. Le zinc est naturellement r\u00e9sistant \u00e0 la corrosion, aux UV et [&hellip;]<\/p>\n","protected":false},"author":1,"featured_media":0,"parent":0,"menu_order":0,"comment_status":"closed","ping_status":"closed","template":"page-no-title","meta":{"footnotes":""},"class_list":["post-66","page","type-page","status-publish","hentry"],"yoast_head":"<!-- This site is optimized with the Yoast SEO plugin v27.4 - https:\/\/yoast.com\/product\/yoast-seo-wordpress\/ -->\n<title>Couverture - Etanchexpert<\/title>\n<meta name=\"description\" content=\"Etanchexpert vous accompagne dans votre choix de toiture, en vous recommandant le mat\u00e9riel le plus adapt\u00e9 \u00e0 vos projets. D\u00e9couvrez notre guide !\" \/>\n<meta name=\"robots\" content=\"index, follow, max-snippet:-1, max-image-preview:large, max-video-preview:-1\" \/>\n<link rel=\"canonical\" href=\"https:\/\/etanchexpert.com\/index.php\/couverture\/\" \/>\n<meta property=\"og:locale\" content=\"fr_FR\" \/>\n<meta property=\"og:type\" content=\"article\" \/>\n<meta property=\"og:title\" content=\"Couverture - Etanchexpert\" \/>\n<meta property=\"og:description\" content=\"Etanchexpert vous accompagne dans votre choix de toiture, en vous recommandant le mat\u00e9riel le plus adapt\u00e9 \u00e0 vos projets. D\u00e9couvrez notre guide !\" \/>\n<meta property=\"og:url\" content=\"https:\/\/etanchexpert.com\/index.php\/couverture\/\" \/>\n<meta property=\"og:site_name\" content=\"Etanchexpert\" \/>\n<meta property=\"article:publisher\" content=\"https:\/\/www.facebook.com\/etanchexpert\/?locale=fr_FR\" \/>\n<meta property=\"article:modified_time\" content=\"2024-09-20T13:43:36+00:00\" \/>\n<meta name=\"twitter:card\" content=\"summary_large_image\" \/>\n<meta name=\"twitter:label1\" content=\"Dur\u00e9e de lecture estim\u00e9e\" \/>\n\t<meta name=\"twitter:data1\" content=\"2 minutes\" \/>\n<script type=\"application\/ld+json\" class=\"yoast-schema-graph\">{\"@context\":\"https:\\\/\\\/schema.org\",\"@graph\":[{\"@type\":\"WebPage\",\"@id\":\"https:\\\/\\\/etanchexpert.com\\\/index.php\\\/couverture\\\/\",\"url\":\"https:\\\/\\\/etanchexpert.com\\\/index.php\\\/couverture\\\/\",\"name\":\"Couverture - Etanchexpert\",\"isPartOf\":{\"@id\":\"https:\\\/\\\/etanchexpert.com\\\/#website\"},\"datePublished\":\"2024-07-31T13:32:41+00:00\",\"dateModified\":\"2024-09-20T13:43:36+00:00\",\"description\":\"Etanchexpert vous accompagne dans votre choix de toiture, en vous recommandant le mat\u00e9riel le plus adapt\u00e9 \u00e0 vos projets. D\u00e9couvrez notre guide !\",\"breadcrumb\":{\"@id\":\"https:\\\/\\\/etanchexpert.com\\\/index.php\\\/couverture\\\/#breadcrumb\"},\"inLanguage\":\"fr-FR\",\"potentialAction\":[{\"@type\":\"ReadAction\",\"target\":[\"https:\\\/\\\/etanchexpert.com\\\/index.php\\\/couverture\\\/\"]}]},{\"@type\":\"BreadcrumbList\",\"@id\":\"https:\\\/\\\/etanchexpert.com\\\/index.php\\\/couverture\\\/#breadcrumb\",\"itemListElement\":[{\"@type\":\"ListItem\",\"position\":1,\"name\":\"Accueil\",\"item\":\"https:\\\/\\\/etanchexpert.com\\\/\"},{\"@type\":\"ListItem\",\"position\":2,\"name\":\"Couverture\"}]},{\"@type\":\"WebSite\",\"@id\":\"https:\\\/\\\/etanchexpert.com\\\/#website\",\"url\":\"https:\\\/\\\/etanchexpert.com\\\/\",\"name\":\"Etanchexpert\",\"description\":\"Etanchexpert. Tous droits r\u00e9serv\u00e9s.\",\"publisher\":{\"@id\":\"https:\\\/\\\/etanchexpert.com\\\/#organization\"},\"alternateName\":\"Couvreur sur le 28000, 78000 et 91000\",\"potentialAction\":[{\"@type\":\"SearchAction\",\"target\":{\"@type\":\"EntryPoint\",\"urlTemplate\":\"https:\\\/\\\/etanchexpert.com\\\/?s={search_term_string}\"},\"query-input\":{\"@type\":\"PropertyValueSpecification\",\"valueRequired\":true,\"valueName\":\"search_term_string\"}}],\"inLanguage\":\"fr-FR\"},{\"@type\":\"Organization\",\"@id\":\"https:\\\/\\\/etanchexpert.com\\\/#organization\",\"name\":\"EtanchExpert\",\"url\":\"https:\\\/\\\/etanchexpert.com\\\/\",\"logo\":{\"@type\":\"ImageObject\",\"inLanguage\":\"fr-FR\",\"@id\":\"https:\\\/\\\/etanchexpert.com\\\/#\\\/schema\\\/logo\\\/image\\\/\",\"url\":\"https:\\\/\\\/etanchexpert.com\\\/wp-content\\\/uploads\\\/2024\\\/07\\\/Etanchexpert-logo.png\",\"contentUrl\":\"https:\\\/\\\/etanchexpert.com\\\/wp-content\\\/uploads\\\/2024\\\/07\\\/Etanchexpert-logo.png\",\"width\":850,\"height\":198,\"caption\":\"EtanchExpert\"},\"image\":{\"@id\":\"https:\\\/\\\/etanchexpert.com\\\/#\\\/schema\\\/logo\\\/image\\\/\"},\"sameAs\":[\"https:\\\/\\\/www.facebook.com\\\/etanchexpert\\\/?locale=fr_FR\"]}]}<\/script>\n<!-- \/ Yoast SEO plugin. -->","yoast_head_json":{"title":"Couverture - Etanchexpert","description":"Etanchexpert vous accompagne dans votre choix de toiture, en vous recommandant le mat\u00e9riel le plus adapt\u00e9 \u00e0 vos projets. D\u00e9couvrez notre guide !","robots":{"index":"index","follow":"follow","max-snippet":"max-snippet:-1","max-image-preview":"max-image-preview:large","max-video-preview":"max-video-preview:-1"},"canonical":"https:\/\/etanchexpert.com\/index.php\/couverture\/","og_locale":"fr_FR","og_type":"article","og_title":"Couverture - Etanchexpert","og_description":"Etanchexpert vous accompagne dans votre choix de toiture, en vous recommandant le mat\u00e9riel le plus adapt\u00e9 \u00e0 vos projets. D\u00e9couvrez notre guide !","og_url":"https:\/\/etanchexpert.com\/index.php\/couverture\/","og_site_name":"Etanchexpert","article_publisher":"https:\/\/www.facebook.com\/etanchexpert\/?locale=fr_FR","article_modified_time":"2024-09-20T13:43:36+00:00","twitter_card":"summary_large_image","twitter_misc":{"Dur\u00e9e de lecture estim\u00e9e":"2 minutes"},"schema":{"@context":"https:\/\/schema.org","@graph":[{"@type":"WebPage","@id":"https:\/\/etanchexpert.com\/index.php\/couverture\/","url":"https:\/\/etanchexpert.com\/index.php\/couverture\/","name":"Couverture - Etanchexpert","isPartOf":{"@id":"https:\/\/etanchexpert.com\/#website"},"datePublished":"2024-07-31T13:32:41+00:00","dateModified":"2024-09-20T13:43:36+00:00","description":"Etanchexpert vous accompagne dans votre choix de toiture, en vous recommandant le mat\u00e9riel le plus adapt\u00e9 \u00e0 vos projets. D\u00e9couvrez notre guide !","breadcrumb":{"@id":"https:\/\/etanchexpert.com\/index.php\/couverture\/#breadcrumb"},"inLanguage":"fr-FR","potentialAction":[{"@type":"ReadAction","target":["https:\/\/etanchexpert.com\/index.php\/couverture\/"]}]},{"@type":"BreadcrumbList","@id":"https:\/\/etanchexpert.com\/index.php\/couverture\/#breadcrumb","itemListElement":[{"@type":"ListItem","position":1,"name":"Accueil","item":"https:\/\/etanchexpert.com\/"},{"@type":"ListItem","position":2,"name":"Couverture"}]},{"@type":"WebSite","@id":"https:\/\/etanchexpert.com\/#website","url":"https:\/\/etanchexpert.com\/","name":"Etanchexpert","description":"Etanchexpert. Tous droits r\u00e9serv\u00e9s.","publisher":{"@id":"https:\/\/etanchexpert.com\/#organization"},"alternateName":"Couvreur sur le 28000, 78000 et 91000","potentialAction":[{"@type":"SearchAction","target":{"@type":"EntryPoint","urlTemplate":"https:\/\/etanchexpert.com\/?s={search_term_string}"},"query-input":{"@type":"PropertyValueSpecification","valueRequired":true,"valueName":"search_term_string"}}],"inLanguage":"fr-FR"},{"@type":"Organization","@id":"https:\/\/etanchexpert.com\/#organization","name":"EtanchExpert","url":"https:\/\/etanchexpert.com\/","logo":{"@type":"ImageObject","inLanguage":"fr-FR","@id":"https:\/\/etanchexpert.com\/#\/schema\/logo\/image\/","url":"https:\/\/etanchexpert.com\/wp-content\/uploads\/2024\/07\/Etanchexpert-logo.png","contentUrl":"https:\/\/etanchexpert.com\/wp-content\/uploads\/2024\/07\/Etanchexpert-logo.png","width":850,"height":198,"caption":"EtanchExpert"},"image":{"@id":"https:\/\/etanchexpert.com\/#\/schema\/logo\/image\/"},"sameAs":["https:\/\/www.facebook.com\/etanchexpert\/?locale=fr_FR"]}]}},"_links":{"self":[{"href":"https:\/\/etanchexpert.com\/index.php\/wp-json\/wp\/v2\/pages\/66","targetHints":{"allow":["GET"]}}],"collection":[{"href":"https:\/\/etanchexpert.com\/index.php\/wp-json\/wp\/v2\/pages"}],"about":[{"href":"https:\/\/etanchexpert.com\/index.php\/wp-json\/wp\/v2\/types\/page"}],"author":[{"embeddable":true,"href":"https:\/\/etanchexpert.com\/index.php\/wp-json\/wp\/v2\/users\/1"}],"replies":[{"embeddable":true,"href":"https:\/\/etanchexpert.com\/index.php\/wp-json\/wp\/v2\/comments?post=66"}],"version-history":[{"count":6,"href":"https:\/\/etanchexpert.com\/index.php\/wp-json\/wp\/v2\/pages\/66\/revisions"}],"predecessor-version":[{"id":128,"href":"https:\/\/etanchexpert.com\/index.php\/wp-json\/wp\/v2\/pages\/66\/revisions\/128"}],"wp:attachment":[{"href":"https:\/\/etanchexpert.com\/index.php\/wp-json\/wp\/v2\/media?parent=66"}],"curies":[{"name":"wp","href":"https:\/\/api.w.org\/{rel}","templated":true}]}}