{"id":91,"date":"2024-07-31T16:17:21","date_gmt":"2024-07-31T14:17:21","guid":{"rendered":"https:\/\/etanchexpert.com\/?page_id=91"},"modified":"2024-09-20T15:39:46","modified_gmt":"2024-09-20T13:39:46","slug":"contact","status":"publish","type":"page","link":"https:\/\/etanchexpert.com\/index.php\/contact\/","title":{"rendered":"Contact"},"content":{"rendered":"\n<div class=\"wp-block-group alignfull has-accent-5-background-color has-background has-global-padding is-layout-constrained wp-container-core-group-is-layout-d89aad35 wp-block-group-is-layout-constrained\" style=\"margin-top:0;margin-bottom:0;padding-top:var(--wp--preset--spacing--50);padding-right:var(--wp--preset--spacing--50);padding-bottom:var(--wp--preset--spacing--50);padding-left:var(--wp--preset--spacing--50)\">\n<div class=\"wp-block-columns alignwide is-layout-flex wp-container-core-columns-is-layout-1da03c2a wp-block-columns-is-layout-flex\">\n<div class=\"wp-block-column is-vertically-aligned-center is-layout-flow wp-block-column-is-layout-flow\" style=\"flex-basis:60%\">\n<figure class=\"wp-block-image size-full is-style-rounded wp-duotone-unset-2 is-style-rounded--1\"><img loading=\"lazy\" decoding=\"async\" width=\"730\" height=\"730\" src=\"https:\/\/etanchexpert.com\/wp-content\/uploads\/2024\/07\/map-edited.png\" alt=\"\" class=\"wp-image-26\" style=\"aspect-ratio:4\/3;object-fit:cover\" srcset=\"https:\/\/etanchexpert.com\/wp-content\/uploads\/2024\/07\/map-edited.png 730w, https:\/\/etanchexpert.com\/wp-content\/uploads\/2024\/07\/map-edited-300x300.png 300w, https:\/\/etanchexpert.com\/wp-content\/uploads\/2024\/07\/map-edited-150x150.png 150w\" sizes=\"auto, (max-width: 730px) 100vw, 730px\" \/><\/figure>\n<\/div>\n\n\n\n<div class=\"wp-block-column is-layout-flow wp-block-column-is-layout-flow\" style=\"flex-basis:40%\">\n<h2 class=\"wp-block-heading\">Nous contacter :<\/h2>\n\n\n\n<p><strong>Mail :<\/strong> contact@etanchexpert.com  <\/p>\n\n\n\n<p><strong>T\u00e9l\u00e9phone :<\/strong> 02.37.31.13.13 <\/p>\n\n\n\n<p><strong>Adresse :<\/strong> 18 rue Imp\u00e9riale &#8211; 28700 Le Gu\u00e9-de-Longroi <\/p>\n\n\n\n<hr class=\"wp-block-separator aligncenter has-alpha-channel-opacity\"\/>\n\n\n\n<p><strong>Horaires d&rsquo;ouverture :<\/strong> <\/p>\n\n\n\n<p>Lundi :      8h00 &#8211; 12h30         14h00 &#8211; 17h30<\/p>\n\n\n\n<p>Mardi :      8h00 &#8211; 12h30         14h00 &#8211; 17h30<\/p>\n\n\n\n<p>Mercredi : 8h00 &#8211; 12h30<\/p>\n\n\n\n<p>Jeudi :       8h00 &#8211; 12h00         14h00 &#8211; 17h30<\/p>\n\n\n\n<p>Vendredi : 8h00 &#8211; 12h30<\/p>\n<\/div>\n<\/div>\n<\/div>\n","protected":false},"excerpt":{"rendered":"<p>Nous contacter : Mail : contact@etanchexpert.com T\u00e9l\u00e9phone : 02.37.31.13.13 Adresse : 18 rue Imp\u00e9riale &#8211; 28700 Le Gu\u00e9-de-Longroi Horaires d&rsquo;ouverture : Lundi : 8h00 &#8211; 12h30 14h00 &#8211; 17h30 Mardi : 8h00 &#8211; 12h30 14h00 &#8211; 17h30 Mercredi : 8h00 &#8211; 12h30 Jeudi : 8h00 &#8211; 12h00 14h00 &#8211; 17h30 Vendredi : 8h00 &#8211; 12h30<\/p>\n","protected":false},"author":1,"featured_media":0,"parent":0,"menu_order":0,"comment_status":"closed","ping_status":"closed","template":"page-no-title","meta":{"footnotes":""},"class_list":["post-91","page","type-page","status-publish","hentry"],"yoast_head":"<!-- This site is optimized with the Yoast SEO plugin v27.4 - https:\/\/yoast.com\/product\/yoast-seo-wordpress\/ -->\n<title>Contact - Etanchexpert<\/title>\n<meta name=\"description\" content=\"Retrouvez votre sp\u00e9cialiste couverture au 18 rue imp\u00e9riale 28700 Gu\u00e9-de-Longroi, par email au contact@etanchexpert.com, bien par t\u00e9l\u00e9phone au 02.37.31.13.13.\" \/>\n<meta name=\"robots\" content=\"index, follow, max-snippet:-1, max-image-preview:large, max-video-preview:-1\" \/>\n<link rel=\"canonical\" href=\"https:\/\/etanchexpert.com\/index.php\/contact\/\" \/>\n<meta property=\"og:locale\" content=\"fr_FR\" \/>\n<meta property=\"og:type\" content=\"article\" \/>\n<meta property=\"og:title\" content=\"Contact - Etanchexpert\" \/>\n<meta property=\"og:description\" content=\"Retrouvez votre sp\u00e9cialiste couverture au 18 rue imp\u00e9riale 28700 Gu\u00e9-de-Longroi, par email au contact@etanchexpert.com, bien par t\u00e9l\u00e9phone au 02.37.31.13.13.\" \/>\n<meta property=\"og:url\" content=\"https:\/\/etanchexpert.com\/index.php\/contact\/\" \/>\n<meta property=\"og:site_name\" content=\"Etanchexpert\" \/>\n<meta property=\"article:publisher\" content=\"https:\/\/www.facebook.com\/etanchexpert\/?locale=fr_FR\" \/>\n<meta property=\"article:modified_time\" content=\"2024-09-20T13:39:46+00:00\" \/>\n<meta property=\"og:image\" content=\"https:\/\/etanchexpert.com\/wp-content\/uploads\/2024\/07\/map-edited.png\" \/>\n<meta name=\"twitter:card\" content=\"summary_large_image\" \/>\n<meta name=\"twitter:label1\" content=\"Dur\u00e9e de lecture estim\u00e9e\" \/>\n\t<meta name=\"twitter:data1\" content=\"1 minute\" \/>\n<script type=\"application\/ld+json\" class=\"yoast-schema-graph\">{\"@context\":\"https:\\\/\\\/schema.org\",\"@graph\":[{\"@type\":\"WebPage\",\"@id\":\"https:\\\/\\\/etanchexpert.com\\\/index.php\\\/contact\\\/\",\"url\":\"https:\\\/\\\/etanchexpert.com\\\/index.php\\\/contact\\\/\",\"name\":\"Contact - Etanchexpert\",\"isPartOf\":{\"@id\":\"https:\\\/\\\/etanchexpert.com\\\/#website\"},\"primaryImageOfPage\":{\"@id\":\"https:\\\/\\\/etanchexpert.com\\\/index.php\\\/contact\\\/#primaryimage\"},\"image\":{\"@id\":\"https:\\\/\\\/etanchexpert.com\\\/index.php\\\/contact\\\/#primaryimage\"},\"thumbnailUrl\":\"https:\\\/\\\/etanchexpert.com\\\/wp-content\\\/uploads\\\/2024\\\/07\\\/map-edited.png\",\"datePublished\":\"2024-07-31T14:17:21+00:00\",\"dateModified\":\"2024-09-20T13:39:46+00:00\",\"description\":\"Retrouvez votre sp\u00e9cialiste couverture au 18 rue imp\u00e9riale 28700 Gu\u00e9-de-Longroi, par email au contact@etanchexpert.com, bien par t\u00e9l\u00e9phone au 02.37.31.13.13.\",\"breadcrumb\":{\"@id\":\"https:\\\/\\\/etanchexpert.com\\\/index.php\\\/contact\\\/#breadcrumb\"},\"inLanguage\":\"fr-FR\",\"potentialAction\":[{\"@type\":\"ReadAction\",\"target\":[\"https:\\\/\\\/etanchexpert.com\\\/index.php\\\/contact\\\/\"]}]},{\"@type\":\"ImageObject\",\"inLanguage\":\"fr-FR\",\"@id\":\"https:\\\/\\\/etanchexpert.com\\\/index.php\\\/contact\\\/#primaryimage\",\"url\":\"https:\\\/\\\/etanchexpert.com\\\/wp-content\\\/uploads\\\/2024\\\/07\\\/map-edited.png\",\"contentUrl\":\"https:\\\/\\\/etanchexpert.com\\\/wp-content\\\/uploads\\\/2024\\\/07\\\/map-edited.png\",\"width\":730,\"height\":730},{\"@type\":\"BreadcrumbList\",\"@id\":\"https:\\\/\\\/etanchexpert.com\\\/index.php\\\/contact\\\/#breadcrumb\",\"itemListElement\":[{\"@type\":\"ListItem\",\"position\":1,\"name\":\"Accueil\",\"item\":\"https:\\\/\\\/etanchexpert.com\\\/\"},{\"@type\":\"ListItem\",\"position\":2,\"name\":\"Contact\"}]},{\"@type\":\"WebSite\",\"@id\":\"https:\\\/\\\/etanchexpert.com\\\/#website\",\"url\":\"https:\\\/\\\/etanchexpert.com\\\/\",\"name\":\"Etanchexpert\",\"description\":\"Etanchexpert. Tous droits r\u00e9serv\u00e9s.\",\"publisher\":{\"@id\":\"https:\\\/\\\/etanchexpert.com\\\/#organization\"},\"alternateName\":\"Couvreur sur le 28000, 78000 et 91000\",\"potentialAction\":[{\"@type\":\"SearchAction\",\"target\":{\"@type\":\"EntryPoint\",\"urlTemplate\":\"https:\\\/\\\/etanchexpert.com\\\/?s={search_term_string}\"},\"query-input\":{\"@type\":\"PropertyValueSpecification\",\"valueRequired\":true,\"valueName\":\"search_term_string\"}}],\"inLanguage\":\"fr-FR\"},{\"@type\":\"Organization\",\"@id\":\"https:\\\/\\\/etanchexpert.com\\\/#organization\",\"name\":\"EtanchExpert\",\"url\":\"https:\\\/\\\/etanchexpert.com\\\/\",\"logo\":{\"@type\":\"ImageObject\",\"inLanguage\":\"fr-FR\",\"@id\":\"https:\\\/\\\/etanchexpert.com\\\/#\\\/schema\\\/logo\\\/image\\\/\",\"url\":\"https:\\\/\\\/etanchexpert.com\\\/wp-content\\\/uploads\\\/2024\\\/07\\\/Etanchexpert-logo.png\",\"contentUrl\":\"https:\\\/\\\/etanchexpert.com\\\/wp-content\\\/uploads\\\/2024\\\/07\\\/Etanchexpert-logo.png\",\"width\":850,\"height\":198,\"caption\":\"EtanchExpert\"},\"image\":{\"@id\":\"https:\\\/\\\/etanchexpert.com\\\/#\\\/schema\\\/logo\\\/image\\\/\"},\"sameAs\":[\"https:\\\/\\\/www.facebook.com\\\/etanchexpert\\\/?locale=fr_FR\"]}]}<\/script>\n<!-- \/ Yoast SEO plugin. -->","yoast_head_json":{"title":"Contact - Etanchexpert","description":"Retrouvez votre sp\u00e9cialiste couverture au 18 rue imp\u00e9riale 28700 Gu\u00e9-de-Longroi, par email au contact@etanchexpert.com, bien par t\u00e9l\u00e9phone au 02.37.31.13.13.","robots":{"index":"index","follow":"follow","max-snippet":"max-snippet:-1","max-image-preview":"max-image-preview:large","max-video-preview":"max-video-preview:-1"},"canonical":"https:\/\/etanchexpert.com\/index.php\/contact\/","og_locale":"fr_FR","og_type":"article","og_title":"Contact - Etanchexpert","og_description":"Retrouvez votre sp\u00e9cialiste couverture au 18 rue imp\u00e9riale 28700 Gu\u00e9-de-Longroi, par email au contact@etanchexpert.com, bien par t\u00e9l\u00e9phone au 02.37.31.13.13.","og_url":"https:\/\/etanchexpert.com\/index.php\/contact\/","og_site_name":"Etanchexpert","article_publisher":"https:\/\/www.facebook.com\/etanchexpert\/?locale=fr_FR","article_modified_time":"2024-09-20T13:39:46+00:00","og_image":[{"url":"https:\/\/etanchexpert.com\/wp-content\/uploads\/2024\/07\/map-edited.png","type":"","width":"","height":""}],"twitter_card":"summary_large_image","twitter_misc":{"Dur\u00e9e de lecture estim\u00e9e":"1 minute"},"schema":{"@context":"https:\/\/schema.org","@graph":[{"@type":"WebPage","@id":"https:\/\/etanchexpert.com\/index.php\/contact\/","url":"https:\/\/etanchexpert.com\/index.php\/contact\/","name":"Contact - Etanchexpert","isPartOf":{"@id":"https:\/\/etanchexpert.com\/#website"},"primaryImageOfPage":{"@id":"https:\/\/etanchexpert.com\/index.php\/contact\/#primaryimage"},"image":{"@id":"https:\/\/etanchexpert.com\/index.php\/contact\/#primaryimage"},"thumbnailUrl":"https:\/\/etanchexpert.com\/wp-content\/uploads\/2024\/07\/map-edited.png","datePublished":"2024-07-31T14:17:21+00:00","dateModified":"2024-09-20T13:39:46+00:00","description":"Retrouvez votre sp\u00e9cialiste couverture au 18 rue imp\u00e9riale 28700 Gu\u00e9-de-Longroi, par email au contact@etanchexpert.com, bien par t\u00e9l\u00e9phone au 02.37.31.13.13.","breadcrumb":{"@id":"https:\/\/etanchexpert.com\/index.php\/contact\/#breadcrumb"},"inLanguage":"fr-FR","potentialAction":[{"@type":"ReadAction","target":["https:\/\/etanchexpert.com\/index.php\/contact\/"]}]},{"@type":"ImageObject","inLanguage":"fr-FR","@id":"https:\/\/etanchexpert.com\/index.php\/contact\/#primaryimage","url":"https:\/\/etanchexpert.com\/wp-content\/uploads\/2024\/07\/map-edited.png","contentUrl":"https:\/\/etanchexpert.com\/wp-content\/uploads\/2024\/07\/map-edited.png","width":730,"height":730},{"@type":"BreadcrumbList","@id":"https:\/\/etanchexpert.com\/index.php\/contact\/#breadcrumb","itemListElement":[{"@type":"ListItem","position":1,"name":"Accueil","item":"https:\/\/etanchexpert.com\/"},{"@type":"ListItem","position":2,"name":"Contact"}]},{"@type":"WebSite","@id":"https:\/\/etanchexpert.com\/#website","url":"https:\/\/etanchexpert.com\/","name":"Etanchexpert","description":"Etanchexpert. Tous droits r\u00e9serv\u00e9s.","publisher":{"@id":"https:\/\/etanchexpert.com\/#organization"},"alternateName":"Couvreur sur le 28000, 78000 et 91000","potentialAction":[{"@type":"SearchAction","target":{"@type":"EntryPoint","urlTemplate":"https:\/\/etanchexpert.com\/?s={search_term_string}"},"query-input":{"@type":"PropertyValueSpecification","valueRequired":true,"valueName":"search_term_string"}}],"inLanguage":"fr-FR"},{"@type":"Organization","@id":"https:\/\/etanchexpert.com\/#organization","name":"EtanchExpert","url":"https:\/\/etanchexpert.com\/","logo":{"@type":"ImageObject","inLanguage":"fr-FR","@id":"https:\/\/etanchexpert.com\/#\/schema\/logo\/image\/","url":"https:\/\/etanchexpert.com\/wp-content\/uploads\/2024\/07\/Etanchexpert-logo.png","contentUrl":"https:\/\/etanchexpert.com\/wp-content\/uploads\/2024\/07\/Etanchexpert-logo.png","width":850,"height":198,"caption":"EtanchExpert"},"image":{"@id":"https:\/\/etanchexpert.com\/#\/schema\/logo\/image\/"},"sameAs":["https:\/\/www.facebook.com\/etanchexpert\/?locale=fr_FR"]}]}},"_links":{"self":[{"href":"https:\/\/etanchexpert.com\/index.php\/wp-json\/wp\/v2\/pages\/91","targetHints":{"allow":["GET"]}}],"collection":[{"href":"https:\/\/etanchexpert.com\/index.php\/wp-json\/wp\/v2\/pages"}],"about":[{"href":"https:\/\/etanchexpert.com\/index.php\/wp-json\/wp\/v2\/types\/page"}],"author":[{"embeddable":true,"href":"https:\/\/etanchexpert.com\/index.php\/wp-json\/wp\/v2\/users\/1"}],"replies":[{"embeddable":true,"href":"https:\/\/etanchexpert.com\/index.php\/wp-json\/wp\/v2\/comments?post=91"}],"version-history":[{"count":2,"href":"https:\/\/etanchexpert.com\/index.php\/wp-json\/wp\/v2\/pages\/91\/revisions"}],"predecessor-version":[{"id":125,"href":"https:\/\/etanchexpert.com\/index.php\/wp-json\/wp\/v2\/pages\/91\/revisions\/125"}],"wp:attachment":[{"href":"https:\/\/etanchexpert.com\/index.php\/wp-json\/wp\/v2\/media?parent=91"}],"curies":[{"name":"wp","href":"https:\/\/api.w.org\/{rel}","templated":true}]}}